{"id":27,"date":"2022-08-17T21:31:56","date_gmt":"2022-08-17T21:31:56","guid":{"rendered":"https:\/\/jpmercier.com\/gfmdev\/?page_id=27"},"modified":"2026-03-29T23:26:40","modified_gmt":"2026-03-29T23:26:40","slug":"contact","status":"publish","type":"page","link":"https:\/\/jpmercier.com\/index.php\/contact\/","title":{"rendered":"Contact"},"content":{"rendered":"\n<p style=\"font-size:18px\">Si vous ne souhaitez plus recevoir de messages commerciaux de notre entreprise, veuillez nous l\u2019indiquer<strong><a href=\"mailto:gfm@gfmercier.ca?subject=D\u00e9sabonnement&amp;body=Je ne d\u00e9sire plus recevoir de messages commerciaux de votre entreprise.\"> en cliquant ici<\/a>.<\/strong><\/p>\n\n\n\n<div class=\"wp-block-columns is-layout-flex wp-container-core-columns-is-layout-9d6595d7 wp-block-columns-is-layout-flex\">\n<div class=\"wp-block-column is-vertically-aligned-top is-layout-flow wp-block-column-is-layout-flow\" style=\"flex-basis:33.33%\">\n<div class=\"wp-block-webfactory-map\"><div class=\"wp-block-webfactory-map\"><iframe src=\"https:\/\/www.google.com\/maps\/embed?pb=!1m18!1m12!1m3!1d2732.1765753030713!2d-71.30080819999999!3d46.781124899999995!2m3!1f0!2f0!3f0!3m2!1i1024!2i768!4f13.1!3m3!1m2!1s0x4cb89728bac61d9f%3A0xb5e278991bd08679!2s2750%20Ch%20Ste-Foy%20Bureau%20257A%2C%20Qu%C3%A9bec%2C%20QC!5e0!3m2!1sfr!2sca!4v1692390441744!5m2!1sfr!2sca\" width=\"600\" height=\"450\" style=\"border:0;\" allowfullscreen=\"\" loading=\"lazy\" referrerpolicy=\"no-referrer-when-downgrade\"><\/iframe><\/div><\/div>\n<\/div>\n\n\n\n<div class=\"wp-block-column is-layout-flow wp-block-column-is-layout-flow\" style=\"flex-basis:66.66%\">\n<p style=\"font-size:18px\"><strong>ADRESSE POSTALE:<br><\/strong>2750, chemin Ste-Foy<br>Bureau 257A<br>Qu\u00e9bec (Qu\u00e9bec)<br>G1V 1V6<\/p>\n\n\n\n<p style=\"font-size:18px\"><strong>COURRIEL: <\/strong><a data-type=\"mailto\" data-id=\"mailto:gfm@gfmercier.ca\" href=\"mailto:gfm@gfmercier.ca\">gfm@gfmercier.ca<\/a><\/p>\n\n\n\n<p style=\"font-size:18px\"><strong>T\u00c9L\u00c9PHONE:<\/strong> 418 781-5958<br>Poste 101 pour adjointe<br>Poste 102 pour Jean-Patrick<br>Poste 103 pour Jean-Alexandre<\/p>\n\n\n\n<p style=\"font-size:18px\"><strong>T\u00c9L\u00c9COPIEUR: <\/strong>418 204-2465<\/p>\n\n\n\n<p style=\"font-size:18px\"><strong>SANS FRAIS: <\/strong>1 844 519-6413<\/p>\n\n\n\n<p style=\"font-size:18px\"><strong>FACEBOOK: <\/strong><a href=\"\/\/www.facebook.com\/jeanpatrick.mercier.7\/\" target=\"_blank\" rel=\"noopener\" title=\"\">jeanpatrick.mercier.7<\/a><\/p>\n\n\n\n<p style=\"font-size:18px\"><strong>LINKEDIN:<\/strong> <a href=\"\/\/www.linkedin.com\/in\/jeanpatrickmercier\/\" target=\"_blank\" rel=\"noopener\" title=\"\">jeanpatrickmercier<\/a><\/p>\n<\/div>\n<\/div>\n\n\n\n<p><\/p>\n\n\n\n<p><\/p>\n","protected":false},"excerpt":{"rendered":"<p>Si vous ne souhaitez plus recevoir de messages commerciaux de notre entreprise, veuillez nous l\u2019indiquer en cliquant ici. ADRESSE POSTALE:2750, chemin Ste-FoyBureau 257AQu\u00e9bec (Qu\u00e9bec)G1V 1V6 COURRIEL: gfm@gfmercier.ca T\u00c9L\u00c9PHONE: 418 781-5958Poste 101 pour adjointePoste 102 pour Jean-PatrickPoste 103 pour Jean-Alexandre T\u00c9L\u00c9COPIEUR: 418 204-2465 SANS FRAIS: 1 844 519-6413 FACEBOOK: jeanpatrick.mercier.7 LINKEDIN: jeanpatrickmercier<\/p>\n","protected":false},"author":1,"featured_media":0,"parent":0,"menu_order":0,"comment_status":"closed","ping_status":"closed","template":"","meta":{"footnotes":""},"class_list":["post-27","page","type-page","status-publish"],"_links":{"self":[{"href":"https:\/\/jpmercier.com\/index.php\/wp-json\/wp\/v2\/pages\/27","targetHints":{"allow":["GET"]}}],"collection":[{"href":"https:\/\/jpmercier.com\/index.php\/wp-json\/wp\/v2\/pages"}],"about":[{"href":"https:\/\/jpmercier.com\/index.php\/wp-json\/wp\/v2\/types\/page"}],"author":[{"embeddable":true,"href":"https:\/\/jpmercier.com\/index.php\/wp-json\/wp\/v2\/users\/1"}],"replies":[{"embeddable":true,"href":"https:\/\/jpmercier.com\/index.php\/wp-json\/wp\/v2\/comments?post=27"}],"version-history":[{"count":31,"href":"https:\/\/jpmercier.com\/index.php\/wp-json\/wp\/v2\/pages\/27\/revisions"}],"predecessor-version":[{"id":674,"href":"https:\/\/jpmercier.com\/index.php\/wp-json\/wp\/v2\/pages\/27\/revisions\/674"}],"wp:attachment":[{"href":"https:\/\/jpmercier.com\/index.php\/wp-json\/wp\/v2\/media?parent=27"}],"curies":[{"name":"wp","href":"https:\/\/api.w.org\/{rel}","templated":true}]}}